{"version":"1.0","provider_name":"Nous Sommes Vincentiens","provider_url":"http:\/\/vincentians.com\/fr","author_name":"Francisco Javier Fern\u00e1ndez Chento","author_url":"http:\/\/vincentians.com\/fr\/author\/chento\/","title":"Saint Vincent de Paul, biographie 04 - L\u2019histoire du captif - Nous Sommes Vincentiens","type":"rich","width":600,"height":338,"html":"<blockquote class=\"wp-embedded-content\" data-secret=\"FuhElp1mj6\"><a href=\"http:\/\/vincentians.com\/fr\/saint-vincent-paul-biographie-04-lhistoire-du-captif\/\">Saint Vincent de Paul, biographie 04 &#8211; L\u2019histoire du captif<\/a><\/blockquote><iframe sandbox=\"allow-scripts\" security=\"restricted\" src=\"http:\/\/vincentians.com\/fr\/saint-vincent-paul-biographie-04-lhistoire-du-captif\/embed\/#?secret=FuhElp1mj6\" width=\"600\" height=\"338\" title=\"\u00ab\u00a0Saint Vincent de Paul, biographie 04 &#8211; L\u2019histoire du captif\u00a0\u00bb &#8212; Nous Sommes Vincentiens\" data-secret=\"FuhElp1mj6\" frameborder=\"0\" marginwidth=\"0\" marginheight=\"0\" scrolling=\"no\" class=\"wp-embedded-content\"><\/iframe><script type=\"text\/javascript\">\n\/* <![CDATA[ *\/\n\/*! This file is auto-generated *\/\n!function(d,l){\"use strict\";l.querySelector&&d.addEventListener&&\"undefined\"!=typeof URL&&(d.wp=d.wp||{},d.wp.receiveEmbedMessage||(d.wp.receiveEmbedMessage=function(e){var t=e.data;if((t||t.secret||t.message||t.value)&&!\/[^a-zA-Z0-9]\/.test(t.secret)){for(var s,r,n,a=l.querySelectorAll('iframe[data-secret=\"'+t.secret+'\"]'),o=l.querySelectorAll('blockquote[data-secret=\"'+t.secret+'\"]'),c=new RegExp(\"^https?:$\",\"i\"),i=0;i<o.length;i++)o[i].style.display=\"none\";for(i=0;i<a.length;i++)s=a[i],e.source===s.contentWindow&&(s.removeAttribute(\"style\"),\"height\"===t.message?(1e3<(r=parseInt(t.value,10))?r=1e3:~~r<200&&(r=200),s.height=r):\"link\"===t.message&&(r=new URL(s.getAttribute(\"src\")),n=new URL(t.value),c.test(n.protocol))&&n.host===r.host&&l.activeElement===s&&(d.top.location.href=t.value))}},d.addEventListener(\"message\",d.wp.receiveEmbedMessage,!1),l.addEventListener(\"DOMContentLoaded\",function(){for(var e,t,s=l.querySelectorAll(\"iframe.wp-embedded-content\"),r=0;r<s.length;r++)(t=(e=s[r]).getAttribute(\"data-secret\"))||(t=Math.random().toString(36).substring(2,12),e.src+=\"#?secret=\"+t,e.setAttribute(\"data-secret\",t)),e.contentWindow.postMessage({message:\"ready\",secret:t},\"*\")},!1)))}(window,document);\n\/* ]]> *\/\n<\/script>\n","thumbnail_url":"https:\/\/i0.wp.com\/vincentians.com\/fr\/wp-content\/uploads\/sites\/10\/2016\/07\/Saint-Vincent-de-Paul-a-biography.jpg?fit=1200%2C630","thumbnail_width":1200,"thumbnail_height":630,"description":"Chapitre 4\u00a0:\u00a0 L\u2019histoire du captif. Un h\u00e9ritage inesp\u00e9r\u00e9 Lisons les lettres dont la destruction causera tant de soucis \u00e0 Vincent de Paul devenu vieux. Dans les premiers mois de 1605, les affaires de Vincent paraissent ... Read More"}

Francisco Javier Fernández Chento

Chapitre 4 :  L’histoire du captif. Un héritage inespéré Lisons les lettres dont la destruction causera tant de soucis à Vincent de Paul devenu vieux. Dans les premiers mois de 1605, les affaires de Vincent paraissent ... Read More
