{"version":"1.0","provider_name":"Nous Sommes Vincentiens","provider_url":"http:\/\/vincentians.com\/fr","author_name":"Francisco Javier Fern\u00e1ndez Chento","author_url":"http:\/\/vincentians.com\/fr\/author\/chento\/","title":"Aum\u00f4nes pour notre Saint-P\u00e8re le Pape Pie IX - Nous Sommes Vincentiens","type":"rich","width":600,"height":338,"html":"<blockquote class=\"wp-embedded-content\" data-secret=\"tZrxAyOXLH\"><a href=\"http:\/\/vincentians.com\/fr\/aumones-pour-notre-saint-pere-pape-pie-ix\/\">Aum\u00f4nes pour notre Saint-P\u00e8re le Pape Pie IX<\/a><\/blockquote><iframe sandbox=\"allow-scripts\" security=\"restricted\" src=\"http:\/\/vincentians.com\/fr\/aumones-pour-notre-saint-pere-pape-pie-ix\/embed\/#?secret=tZrxAyOXLH\" width=\"600\" height=\"338\" title=\"\u00ab\u00a0Aum\u00f4nes pour notre Saint-P\u00e8re le Pape Pie IX\u00a0\u00bb &#8212; Nous Sommes Vincentiens\" data-secret=\"tZrxAyOXLH\" frameborder=\"0\" marginwidth=\"0\" marginheight=\"0\" scrolling=\"no\" class=\"wp-embedded-content\"><\/iframe><script type=\"text\/javascript\">\n\/* <![CDATA[ *\/\n\/*! This file is auto-generated *\/\n!function(d,l){\"use strict\";l.querySelector&&d.addEventListener&&\"undefined\"!=typeof URL&&(d.wp=d.wp||{},d.wp.receiveEmbedMessage||(d.wp.receiveEmbedMessage=function(e){var t=e.data;if((t||t.secret||t.message||t.value)&&!\/[^a-zA-Z0-9]\/.test(t.secret)){for(var s,r,n,a=l.querySelectorAll('iframe[data-secret=\"'+t.secret+'\"]'),o=l.querySelectorAll('blockquote[data-secret=\"'+t.secret+'\"]'),c=new RegExp(\"^https?:$\",\"i\"),i=0;i<o.length;i++)o[i].style.display=\"none\";for(i=0;i<a.length;i++)s=a[i],e.source===s.contentWindow&&(s.removeAttribute(\"style\"),\"height\"===t.message?(1e3<(r=parseInt(t.value,10))?r=1e3:~~r<200&&(r=200),s.height=r):\"link\"===t.message&&(r=new URL(s.getAttribute(\"src\")),n=new URL(t.value),c.test(n.protocol))&&n.host===r.host&&l.activeElement===s&&(d.top.location.href=t.value))}},d.addEventListener(\"message\",d.wp.receiveEmbedMessage,!1),l.addEventListener(\"DOMContentLoaded\",function(){for(var e,t,s=l.querySelectorAll(\"iframe.wp-embedded-content\"),r=0;r<s.length;r++)(t=(e=s[r]).getAttribute(\"data-secret\"))||(t=Math.random().toString(36).substring(2,12),e.src+=\"#?secret=\"+t,e.setAttribute(\"data-secret\",t)),e.contentWindow.postMessage({message:\"ready\",secret:t},\"*\")},!1)))}(window,document);\n\/* ]]> *\/\n<\/script>\n","thumbnail_url":"https:\/\/i0.wp.com\/vincentians.com\/fr\/wp-content\/uploads\/sites\/10\/2016\/07\/Pie-IX.jpg?fit=1200%2C630","thumbnail_width":1200,"thumbnail_height":630,"description":"Le signe que nous attendions est venu rompre un silence bien long pour nous, et nous permettre de r\u00e9p\u00e9ter un appel qui devait s\u2019\u00e9lever de tous c\u00f4t\u00e9s en m\u00eame temps, afin que personne n\u2019y reconn\u00fbt ... Read More"}

Francisco Javier Fernández Chento

Aumônes pour notre Saint-Père le Pape Pie IX - Nous Sommes Vincentiens

<blockquote class="wp-embedded-content" data-secret="tZrxAyOXLH"><a href="http://vincentians.com/fr/aumones-pour-notre-saint-pere-pape-pie-ix/">Aumônes pour notre Saint-Père le Pape Pie IX</a></blockquote><iframe sandbox="allow-scripts" security="restricted" src="http://vincentians.com/fr/aumones-pour-notre-saint-pere-pape-pie-ix/embed/#?secret=tZrxAyOXLH" width="600" height="338" title="« Aumônes pour notre Saint-Père le Pape Pie IX » &#8212; Nous Sommes Vincentiens" data-secret="tZrxAyOXLH" frameborder="0" marginwidth="0" marginheight="0" scrolling="no" class="wp-embedded-content"></iframe><script type="text/javascript">
/* <![CDATA[ */
/*! This file is auto-generated */
!function(d,l){"use strict";l.querySelector&&d.addEventListener&&"undefined"!=typeof URL&&(d.wp=d.wp||{},d.wp.receiveEmbedMessage||(d.wp.receiveEmbedMessage=function(e){var t=e.data;if((t||t.secret||t.message||t.value)&&!/[^a-zA-Z0-9]/.test(t.secret)){for(var s,r,n,a=l.querySelectorAll('iframe[data-secret="'+t.secret+'"]'),o=l.querySelectorAll('blockquote[data-secret="'+t.secret+'"]'),c=new RegExp("^https?:$","i"),i=0;i<o.length;i++)o[i].style.display="none";for(i=0;i<a.length;i++)s=a[i],e.source===s.contentWindow&&(s.removeAttribute("style"),"height"===t.message?(1e3<(r=parseInt(t.value,10))?r=1e3:~~r<200&&(r=200),s.height=r):"link"===t.message&&(r=new URL(s.getAttribute("src")),n=new URL(t.value),c.test(n.protocol))&&n.host===r.host&&l.activeElement===s&&(d.top.location.href=t.value))}},d.addEventListener("message",d.wp.receiveEmbedMessage,!1),l.addEventListener("DOMContentLoaded",function(){for(var e,t,s=l.querySelectorAll("iframe.wp-embedded-content"),r=0;r<s.length;r++)(t=(e=s[r]).getAttribute("data-secret"))||(t=Math.random().toString(36).substring(2,12),e.src+="#?secret="+t,e.setAttribute("data-secret",t)),e.contentWindow.postMessage({message:"ready",secret:t},"*")},!1)))}(window,document);
/* ]]> */
</script>

Le signe que nous attendions est venu rompre un silence bien long pour nous, et nous permettre de répéter un appel qui devait s’élever de tous côtés en même temps, afin que personne n’y reconnût ... Read More
